{"id":518,"date":"2023-06-14T23:48:07","date_gmt":"2023-06-14T23:48:07","guid":{"rendered":"https:\/\/festimusikstanstead.com\/comite\/"},"modified":"2025-08-07T21:14:52","modified_gmt":"2025-08-07T21:14:52","slug":"comite","status":"publish","type":"page","link":"https:\/\/festimusikstanstead.com\/fr\/comite\/","title":{"rendered":"Comit\u00e9"},"content":{"rendered":"<div class=\"et_d4_element et_pb_section et_pb_section_0  et_pb_css_mix_blend_mode et_section_regular et_block_section\" >\n\t\t\t\t\n\t\t\t\t\n\t\t\t\t\n\t\t\t\t\n\t\t\t\t\n\t\t\t\t\n\t\t\t\t<div class=\"et_d4_element et_pb_row et_pb_row_0  et_pb_css_mix_blend_mode et_block_row\">\n\t\t\t\t<div class=\"et_d4_element et_pb_column_1_2 et_pb_column et_pb_column_0  et_pb_css_mix_blend_mode et_block_column\">\n\t\t\t\t\n\t\t\t\t\n\t\t\t\t\n\t\t\t\t\n\t\t\t\t<div class=\"et_pb_module et_d4_element et_pb_text et_pb_text_0  et_pb_text_align_left et_pb_bg_layout_light\">\n\t\t\t\t\n\t\t\t\t\n\t\t\t\t\n\t\t\t\t\n\t\t\t\t<div class=\"et_pb_text_inner\"><blockquote>\n<h4 style=\"text-align: right;\"><em>Il aura suffi qu\u2019une citoyenne <br \/>pleine d\u2019\u00e9nergie et d\u2019audace<br \/>invite d\u2019autres citoyens \u00e0 prendre l\u2019initiative<br \/>d\u2019organiser le premier festival de musique de Stanstead.<br \/>Au-del\u00e0 de l\u2019\u00e9quipe les entreprises de cette petite ville<br \/>ont soutenus cette belle id\u00e9e de faire vibrer Stanstead.<\/em><\/h4>\n<h4 style=\"text-align: right;\"><em>Voici le comit\u00e9 organisateur<br \/>du Festimusik Stanstead<\/em><\/h4>\n<\/blockquote>\n<h2 style=\"text-align: right;\"><em><span style=\"color: #ff00ff;\">H\u00e9l\u00e8ne Hamel<\/span><br \/>coordonnatrice <\/em><\/h2>\n<h4 style=\"text-align: right;\"><em>et son \u00e9quipe<\/em><\/h4><\/div>\n\t\t\t<\/div><div class=\"et_pb_module et_d4_element et_pb_text et_pb_text_1  et_pb_text_align_left et_pb_bg_layout_light\">\n\t\t\t\t\n\t\t\t\t\n\t\t\t\t\n\t\t\t\t\n\t\t\t\t<div class=\"et_pb_text_inner\"><h3>Comit\u00e9 organisateur : H\u00e9l\u00e8ne Hamel<br \/>Ginette Plouffe, Julie Chauvette, Debbie Bishop, \u2063<br \/>Nadine Boutin, Vincent Boudreau, Greg Duncan<br \/>Mike Goudreau, Virginie Ashby, Patrick Gauthier<\/h3><\/div>\n\t\t\t<\/div>\n\t\t\t<\/div><div class=\"et_d4_element et_pb_column_1_2 et_pb_column et_pb_column_1  et_pb_css_mix_blend_mode et-last-child et_block_column\">\n\t\t\t\t\n\t\t\t\t\n\t\t\t\t\n\t\t\t\t\n\t\t\t\t<div class=\"et_pb_module et_d4_element et_pb_image et_pb_image_0\">\n\t\t\t\t\n\t\t\t\t\n\t\t\t\t\n\t\t\t\t\n\t\t\t\t<span class=\"et_pb_image_wrap \"><img decoding=\"async\" src=\"https:\/\/festimusikstanstead.com\/wp-content\/uploads\/2025\/08\/t-shirt-comite\u0301.jpg\" alt=\"\" title=\"t-shirt-comite\u0301\" \/><\/span>\n\t\t\t<\/div>\n\t\t\t<\/div>\n\t\t\t\t\n\t\t\t\t\n\t\t\t\t\n\t\t\t\t\n\t\t\t<\/div>\n\t\t\t\t\n\t\t\t\t\n\t\t\t<\/div>\n","protected":false},"excerpt":{"rendered":"","protected":false},"author":1,"featured_media":0,"parent":0,"menu_order":0,"comment_status":"closed","ping_status":"closed","template":"","meta":{"_et_pb_use_builder":"on","_et_pb_old_content":"","_et_gb_content_width":"","footnotes":""},"class_list":["post-518","page","type-page","status-publish","hentry"],"_links":{"self":[{"href":"https:\/\/festimusikstanstead.com\/fr\/wp-json\/wp\/v2\/pages\/518","targetHints":{"allow":["GET"]}}],"collection":[{"href":"https:\/\/festimusikstanstead.com\/fr\/wp-json\/wp\/v2\/pages"}],"about":[{"href":"https:\/\/festimusikstanstead.com\/fr\/wp-json\/wp\/v2\/types\/page"}],"author":[{"embeddable":true,"href":"https:\/\/festimusikstanstead.com\/fr\/wp-json\/wp\/v2\/users\/1"}],"replies":[{"embeddable":true,"href":"https:\/\/festimusikstanstead.com\/fr\/wp-json\/wp\/v2\/comments?post=518"}],"version-history":[{"count":42,"href":"https:\/\/festimusikstanstead.com\/fr\/wp-json\/wp\/v2\/pages\/518\/revisions"}],"predecessor-version":[{"id":1683,"href":"https:\/\/festimusikstanstead.com\/fr\/wp-json\/wp\/v2\/pages\/518\/revisions\/1683"}],"wp:attachment":[{"href":"https:\/\/festimusikstanstead.com\/fr\/wp-json\/wp\/v2\/media?parent=518"}],"curies":[{"name":"wp","href":"https:\/\/api.w.org\/{rel}","templated":true}]}}

Comité

<div class="et_d4_element et_pb_section et_pb_section_0  et_pb_css_mix_blend_mode et_section_regular et_block_section" >
				
				
				
				
				
				
				<div class="et_d4_element et_pb_row et_pb_row_0  et_pb_css_mix_blend_mode et_block_row">
				<div class="et_d4_element et_pb_column_1_2 et_pb_column et_pb_column_0  et_pb_css_mix_blend_mode et_block_column">
				
				
				
				
				<div class="et_pb_module et_d4_element et_pb_text et_pb_text_0  et_pb_text_align_left et_pb_bg_layout_light">
				
				
				
				
				<div class="et_pb_text_inner"><blockquote>
<h4 style="text-align: right;"><em>Il aura suffi qu’une citoyenne <br />pleine d’énergie et d’audace<br />invite d’autres citoyens à prendre l’initiative<br />d’organiser le premier festival de musique de Stanstead.<br />Au-delà de l’équipe les entreprises de cette petite ville<br />ont soutenus cette belle idée de faire vibrer Stanstead.</em></h4>
<h4 style="text-align: right;"><em>Voici le comité organisateur<br />du Festimusik Stanstead</em></h4>
</blockquote>
<h2 style="text-align: right;"><em><span style="color: #ff00ff;">Hélène Hamel</span><br />coordonnatrice </em></h2>
<h4 style="text-align: right;"><em>et son équipe</em></h4></div>
			</div><div class="et_pb_module et_d4_element et_pb_text et_pb_text_1  et_pb_text_align_left et_pb_bg_layout_light">
				
				
				
				
				<div class="et_pb_text_inner"><h3>Comité organisateur : Hélène Hamel<br />Ginette Plouffe, Julie Chauvette, Debbie Bishop, ⁣<br />Nadine Boutin, Vincent Boudreau, Greg Duncan<br />Mike Goudreau, Virginie Ashby, Patrick Gauthier</h3></div>
			</div>
			</div><div class="et_d4_element et_pb_column_1_2 et_pb_column et_pb_column_1  et_pb_css_mix_blend_mode et-last-child et_block_column">
				
				
				
				
				<div class="et_pb_module et_d4_element et_pb_image et_pb_image_0">
				
				
				
				
				<span class="et_pb_image_wrap "><img decoding="async" src="https://festimusikstanstead.com/wp-content/uploads/2025/08/t-shirt-comité.jpg" alt="" title="t-shirt-comité" /></span>
			</div>
			</div>
				
				
				
				
			</div>
				
				
			</div>
